 (6 + -11)) + -2).
-3
Calculate 0 + 3 + -7 + 5 + -1.
0
What is the value of (0 - (2 + 2)) + 0 - -1?
-3
What is the value of 1 - (-1 - (2 - (-4 - -8)))?
0
5 + (3 + -16 - -2) + -3
-9
Calculate 0 + 0 + 1 + (-40 - -38).
-1
What is 0 + 0 + (-4 - -1)?
-3
-8 - (0 - (-4 + 7))
-5
-1 + -1 + 94 + -89
3
What is 9 - (2 - (-8 + 8 + -3))?
4
Evaluate -6 - (0 - ((0 - -2) + 2)).
-2
-8 + (1 - -3) - -6
2
Calculate -1 + 5 + 0 + -5 + 3.
2
Calculate (-2 + 5 - (2 + -4)) + -3.
2
What is 7 - (-3 - (-3 + -5 - 0))?
2
-2 - -6 - (1 - (0 + -9))
-6
What is the value of -2 + (0 - 1) + -34 + 37?
0
What is -20 + 3 + 1 - (-9 - -2)?
-9
-9 - -3 - (-2 - 5)
1
Evaluate 2 + 0 + 1 + 1.
4
What is 6 - (8 - -1) - (-2 - 0)?
-1
What is 2 + -4 + -1 + 5 + 0?
2
Evaluate -7 - (5 - 20 - -10).
-2
10 + 5 + -5 + (-11 - -5)
4
What is 8 - 8 - (1 - 2) - 4?
-3
What is (5 - 0 - 8) + 4?
1
What is the value of (-4 + -4 - -8) + -6?
-6
Evaluate -6 + (2 - -3) + 5.
4
What is 13 + -18 + (11 - 6)?
0
Evaluate -7 - -5 - 1 - -8.
5
Evaluate (12 - 0) + 7 + -5 + -9.
5
Calculate 39 + -38 - (-3 - -4).
0
What is the value of (-6 - -2) + 5 - 2?
-1
2 + -2 + (10 - (-7 - -12))
5
Calculate -2 + 4 + 8 + -6 + -1.
3
Calculate -4 + (-3 - (8 + -18 + 5)).
-2
Evaluate 3 + (0 + 2 - -5) + -20.
-10
4 + (-11 - -8) - (2 + 7)
-8
What is 5 - (0 + 2 + -1)?
4
What is -2 - -1 - (-21 - -23)?
-3
Evaluate 0 + (-2 - -1 - (-11 - -7)).
3
Calculate (-8 - -9) + 0 + 0.
1
1 + (3 - 7) - (-5 - 0)
2
Evaluate -1 - (3 + -9 - 0).
5
What is -5 - (-13 - -5) - (4 - 1)?
0
What is -14 + 14 + (-4 - -5)?
1
What is 4 - (-23 + 23 - (-1 - -2))?
5
Calculate -1 + 1 + 1 - 2 - -1.
0
Calculate 0 - (-5 + 4 + -2).
3
Evaluate 1 + -9 + (14 - 7) + 8.
7
What is -4 + (2 - 3 - 3) - -5?
-3
What is -2 + (0 - (2 + -2)) - 1?
-3
Calculate 0 + 1 - (11 + -15).
5
3 + -2 + -1 + 0
0
What is the value of -9 + 7 + 0 + 3 + 0?
1
Evaluate -9 - -12 - (-1 + 0 + 0).
4
What is -1 - (1 + (2 - 7)) - 0?
3
What is -2 + 1 + (2 - 11 - -3)?
-7
What is the value of (-2 - -2) + 3 + -3?
0
What is (-10 - -7) + 1 - (3 - 2)?
-3
Calculate 10 + -10 + -1 + (-2 - 2).
-5
What is the value of -5 + 4 + (-7 - 0)?
-8
-8 + (-8 - -11) + 0
-5
Calculate 5 - (-2 + 1) - 1.
5
Evaluate 3 + ((2 - -5) + -3 - -3).
10
Calculate (5 + -2 - 3) + -2.
-2
(2 + -2 - (1 - 8)) + -2
5
Evaluate -1 + (2 - -10) + (-20 - -13).
4
What is 1 - 3 - (2 - (-4 + 2))?
-6
Calculate -12 - (2 + -3) - -3 - -3.
-5
-4 + (-6 + 5 - -6)
1
Calculate 1 + (-5 - -3 - (-10 + 2)).
7
Evaluate -4 + (2 - (-1 + 3)).
-4
-5 - (4 - (-2 + 0 - -6))
-5
Evaluate (-4 - -1 - (13 - 14)) + 3.
1
Evaluate -8 + 21 + 1 + -6.
8
What is -8 + (3 - -7) + (2 - 0)?
4
-10 + (5 - (1 - -3))
-9
Calculate -10 + (-7 - (-10 + -2)).
-5
Evaluate -8 + 7 - (6 - (17 + -2)).
8
What is the value of (5 - 1) + -18 + 14?
0
(-8 - (5 + -9)) + 7
3
What is the value of -8 + 19 + -3 - 15?
-7
What is the value of 6 + (12 - 3) + -11?
4
(-27 - -30) + (1 - 7)
-3
What is -1 + 3 + -9 - -2?
-5
Calculate 2 + (4 - 3) - (-1 + -1).
5
Calculate -10 - ((-3 - -3) + -3) - -3.
-4
Calculate 0 + -2 + (-13 - -17).
2
What is the value of -3 + -5 + 10 + 2 + -2?
2
Calculate (5 - (2 + 0)) + -17 + 15.
1
What is the value of -5 + 1 + -3 + (2 - 1)?
-6
Calculate 0 - 3 - (30 + -37).
4
Calculate (4 - (2 - 0)) + -6.
-4
Calculate -12 + 7 - -11 - (5 + -1).
2
-11 - ((-9 - -4) + -3)
-3
What is -3 + 0 + 2 + -4 + -3?
-8
Evaluate -8 + 3 + (3 - -2).
0
(6 + -9 + 0 - -5) + 5
7
What is (0 - 0) + -1 + 4?
3
What is 61 + -57 + -1 + 2?
5
Evaluate 4 - (-8 - -13 - 4).
3
What is -3 - (-1 + -1) - (-7 - -10)?
-4
What is the value of -2 - (-4 + 5 + -6)?
3
What is 5 + 1 + (10 - 23 - -13)?
6
What is the value of 3 + -5 + 4 + (8 - 8)?
2
What is the value of 2 + (-5 - -6) + -2?
1
Evaluate -90 - -93 - (-4 - 1).
8
Calculate (3 + 3 + -5 - -1) + -3.
-1
-1 - -10 - (119 - 114)
4
What is the value of -6 - (-9 + (-11 - -5))?
9
What is the value of 0 + 0 - (-2 - (2 - 0))?
4
What is 2 + (5 - (6 + -3 - -5))?
-1
-6 - (-6 - (-3 - -5 - 5))
-3
4 - (1 - 0 - -2)
1
Evaluate 0 - 4 - (-2 + 5 + -1).
-6
-29 + 22 - (-13 + -2)
8
What is the value of -7 + (17 + -10 - (5 + 0))?
-5
What is the value of 1 + -6 + -1 + 2 - -4?
0
What is (-7 - 10) + 7 + 3 + 3?
-4
Evaluate 11 - (14 - (-7 - -9)).
-1
Evaluate (-10 - -11) + -5 + 10.
6
What is 3 + -3 + (4 - -3) - 11?
-4
What is -5 - (-18 + 7) - 0?
6
Calculate (-8 - -11) + -10 + 2.
-5
Evaluate (3 - (1 - -3)) + 0.
-1
What is (3 - 0) + 1 + (174 - 178)?
0
Calculate -2 + 2 + -7 - -4.
-3
(-1 - (2 + 2 + -4)) + -4
-5
Evaluate 12 + (-10 - -5) - (1 + 4).
2
What is 4 - ((-9 - -5) + 3)?
5
What is the value of (-5 - 1) + (3 - 0)?
-3
5 - (-1 + 4 + (-9 - -14))
-3
What is (2 - -1) + (1 - (0 - -3))?
1
What is the value of 9 - ((5 - 2) + 5 - 3)?
4
What is the value of 1 + (1 - 2) - -1?
1
Evaluate 3 - ((2 - 2) + 3).
0
What is the value of (-4 - 1) + (-12 - -19)?
2
What is 14 - (26 - (1 - -10))?
-1
-2 - -8 - 2 - (-46 - -61)
-11
What is the value of -2 - ((-1 - -1) + 1) - -6?
3
3 + -2 + 3 + -3
1
What is 2 + -13 - (-8 + -11)?
8
(24 - 36) + (1 - -1) + 2
-8
What is the value of -9 + 8 + 1 - 2?
-2
Evaluate -2 + 3 - (29 + -3 + -17).
-8
-1 - -4 - (-1 + 4 + 2)
-2
What is 0 - (12 + -10 + (3 - 0))?
-5
Evaluate (2 - -1) + (-12 - -8).
-1
What is -1 + -1 + 8 + -5 + -1?
0
What is 10 - (-6 - -11 - (-5 + 4))?
4
What is -8 - 7 - (3 - 14)?
-4
Calculate 0 - (1 + -2 + 0).
1
-2 + (2 + 3 - 5) + -3
-5
Calculate 4 + -1 + -2 + 2.
3
What is (0 - 0 - (1 + -4)) + -8?
-5
Evaluate -6 + 9 + -1 + -7 + 0.
-5
What is the value of (-24 + 27 - (-2 + -1)) + -14?
-8
3 - ((0 - 1) + 41 + -38)
1
What is (0 + -1 - -9) + -31 + 28?
5
Calculate (0 - -4) + (-19 - (-5 + -4)).
-6
What is 1 - (2 - ((-2 - -5) + -4))?
-2
Calculate 3 - (-3 + (0 + 2 - 1)).
5
What is the value of 0 - 3 - -9 - -2?
8
Calculate 0 + -5 + -30 + 41 + 1.
7
Calculate (1 - 2) + -2 + -2.
-5
Evaluate 27 + -24 + -3 + 1.
1
8 + 3 - 5 - 1
5
What is -1 + -5 - (-4 - (-7 + 6))?
-3
What is (-4 - -1) + (-28 - -36)?
5
What is the value of -3 + 8 + -7 + -3?
-5
What is 6 + -1 + -8 - (-8 - 0)?
5
6 - (3 + -2) - 2
3
What is the value of 6 + -1 + (-7 - -3)?
1
What is the value of (20 - 29) + (1 - -15)?
7
Evaluate 0 + 8 - (24 + -19).
3
What is the value of 0 + -2 + (0 - -2) + 2?
2
Evaluate (7 - (4 + 7)) + 4.
0
5 + -16 - (26 + -38)
1
What is 2 + -6 + (3 - -2)?
1
(-1 - -7) + -3 + 6 + -1
8
What is the value of (3 - -2 - -1) + 2 + -1?
7
What is the value of -3 + (-3 - -5 - (3 - 0))?
-4
1 - ((-6 - -5 - -7) + -4)
-1
Calculate 3 - 2 - (15 - 9).
-5
What is the value of 4 + 5 + (2 + 1 - 7)?
5
What is 3 + -3 + -9 + 22 + -4?
9
What is -1 + 4 - (5 + (14 - 12))?
-4
Evaluate 1 + -2 + -1 - (55 - 52).
-5
3 - (1 + (-12 - -16))
-2
What is the value of (0 + -3 - (-3 + 0)) + -4?
-4
What is -5 - (5 - 15) - 14?
-9
(3 - (3 - -5)) + 7
2
-2 + -7 + 2 + 14
7
Calculate 1 + -1 - -4 - (19 - 9).
-6
-4 + -1 + -3 + 1 + 3
-4
What is 2 - (5 + (-5 - (5 + -3)))?
4
Evaluate 6 + (-7 - (3 - 8)).
4
Calculate -185 + 191 - (0 + 8 + -1).
-1
Evaluate (2 - 9) + 9 + -2.
0
Evaluate 4 + -1 + -3 + 1.
1
What is the value of 8 - (-3 + 9) - -5?
7
Evaluate -6 + 0 + 1 + (-11 - -12).
-4
Evaluate 9 + (-2 + 1 - 0) + -5.
3
Calculate 1 + -7 + (33 - 32).
-5
What is 5 + (-1 - (0 + 5 + -4))?
3
Calculate (-12 - (-5 + -4)) + 6.
3
Calculate 17 + -23 - (1 + -7).
0
What is -2 + 1 - ((0 - 0) + -10)?
9
Calculate -10 + 10 - -12 - 16.
-4
What is the value of 19 + -17 + -1 + -9?
-8
Evaluate 5 + (0 - (1 - -2 - 0)).
2
What is (-18 - -13) + (-4 - -7) + 8?
6
What is (-139 - -135) + (-4 - 1)?
-9
0 + -4 + 3 + 4
3
What is 2 + -4 - ((-5 - 0) + 5)?
-2
1 - (2 - (9 + -1))
7
What is the value of 1 + 4 + -5 + 3?
3
What is 4 - (4 + -7 - (-8 - -1))?
0
Evaluate 2 - (2 - (0 - 3)).
-3
5 + 6 - (-6 + 15)
2
(4 + -6 - -2) + 2 - -3
5
(14 + -8 - 13) + 12
5
-7 - -2 - (15 + -20)
0
What is the value of -6 + -2 + 7 + 2?
1
What is the value of (9 - 0) + 5 + -10 + -5?
-1
What is the value of 0 + -65 + 70 + (0 - 7)?
-2
Calculate -1 + 2 - (-41 - -42).
0
Calculate -1 + (2 - 3) + 1 + -2.
-3
What is the value of (-35 - -33) + -1 + -2?
-5
What is the value of (2 - -1) + (101 - 109)?
-5
-6 + (-6 + 4 - (3 - 8))
-3
What is 3 - (-1 - (-3 + 2))?
3
-2 + (-7 - 1) - -12
2
What is the value of 3 - (6 + 1 + (-1 - 0))?
-3
What is -7 + 3 + -5 + 7 + 2?
0
What is the value of (0 - 9) + 8 + -7?
-8
Evaluate 6 + (-6 - -2 - 2) + 2.
2
Calculate (1 - (2 - (-7 - -9))) + 4.
5
Calculate -3 + 6 